?
3
Let j = -3716 - -6283. What is the tens digit of j?
6
Let p be -88 + (3 + -4)/(-1). Let h = p + 122. What is the units digit of h?
5
Suppose -1417 = -5*y - 422. Suppose 5*j = -3*w + 217, -3*w + 4*j + 0*j = -y. What is the tens digit of w?
6
Let d(q) = 127*q**2 + 5*q - 16. What is the tens digit of d(2)?
0
Let d(n) be the third derivative of n**4/24 + n**3/2 - 12*n**2. Let y be d(-2). Suppose -2*t - 7 = -y, -2*t = 4*g - 6. What is the units digit of g?
3
Suppose -5*g = -3*m - 415, m = -g - 0*g + 75. Suppose -6*s = -g + 26. What is the units digit of (-6)/s*(0 - 36)?
4
Let p = -897 + 938. What is the units digit of p?
1
Let a(w) = -w**2 + 36*w - 72. What is the hundreds digit of a(14)?
2
Let p be ((-1)/2)/((-2)/12). Suppose p*v + 2*v - 10 = 0. Suppose -v*u = 3*m - 53 + 2, -4*m - 31 = -u. What is the units digit of u?
7
What is the units digit of (-837)/36*(-1 + (-9)/3)?
3
Let j be 1/(3 + (-26)/8). Let f be 1/j*56/(-7). Suppose 5*s - 4*s - f*i = 9, 3*i = -3*s + 18. What is the units digit of s?
7
Let h(n) = 153*n + 2476. What is the thousands digit of h(0)?
2
Suppose -w = 3*z - 1468, 2*z - 3*w - 1454 + 490 = 0. What is the hundreds digit of z?
4
Let t = 32 + -36. Let x(n) = -10*n. What is the tens digit of x(t)?
4
Suppose 25 + 3 = 2*a. Suppose -2*z - 17 = -1. Let d = a + z. What is the units digit of d?
6
Let c(x) be the third derivative of x**6/240 + x**5/40 - 3*x**4/8 - x**2. Let r(o) be the second derivative of c(o). What is the units digit of r(11)?
6
Let q(j) be the second derivative of j**5/20 - 5*j**4/6 + j**3/2 + j**2 + 4*j. Suppose h - u + 2 = 11, 0 = -h + 5*u + 5. What is the tens digit of q(h)?
3
Let j be -4 - (-4 + (-30)/(-5)). Let p(u) = -5*u - 14. What is the tens digit of p(j)?
1
Suppose -10*y + 7080 = -4910. What is the thousands digit of y?
1
Let b(j) = -j**2 + 11*j + 6. Let g be b(8). Let s = g + -16. Let r = 41 - s. What is the units digit of r?
7
Let z(d) = 3*d**2 + 3*d - 24. Let p(f) = -f**2 + 7*f + 35. Let q be p(10). What is the units digit of z(q)?
6
Let k(o) = -37*o**3 - o**2 + o + 6. What is the tens digit of k(-2)?
9
Let b = 361 - -1. What is the tens digit of b?
6
Suppose 0*l - 13*l = -2847. Let x = 367 - l. What is the units digit of x?
8
Let m be (11 + -23)/(-2 + 0). Let f be (8/m)/((-4)/(-15)). Suppose 0 = -f*i - 82 + 257. What is the units digit of i?
5
Let j(b) = -b - 16. Let r be j(0). Let x = r - -46. What is the units digit of 708/x + (-2)/(-5)?
4
Suppose -a + 2*c + 14 = 4*a, 4 = -2*c. Suppose -1 = -a*q + 11. What is the units digit of 2/4*q + 4?
7
Let w be 8440/64 - 2/(-16). Suppose 8*h - w = 6*h. What is the tens digit of h?
6
Let w be (-543)/(-4) + 24/96. Suppose 38*p - 40*p + w = 0. What is the tens digit of p?
6
Suppose -5*z = -z - 8. Suppose z*m = m + 29. What is the tens digit of m?
2
Let k(s) = s**3 + 4*s**2 + s - 4. Let n be k(-4). Let t be n/36 - (-2450)/9. What is the units digit of t/24*1*3?
4
Let h be 12*2/4*2. Suppose 3*w - h = -w. Let c(q) = 2*q**2 + q - 2. What is the tens digit of c(w)?
1
Suppose 3*n + 3*t + 264 = -t, -t + 81 = -n. Let g = -40 - n. What is the units digit of g?
4
Suppose -14*g - 874 = -15*g. What is the units digit of g?
4
What is the hundreds digit of 1*3308 - (-85 - -75)?
3
Suppose -184 = -4*d + 92. Let s = 99 - d. What is the tens digit of s?
3
Let s = 7 - 2. Suppose -5*p = 4*j - 271 - 552, -349 = -2*p + s*j. Suppose 0 = -4*w + 21 + p. What is the tens digit of w?
4
Let u be -26 + (2 - 2)/(-4 + 6). What is the tens digit of (-2)/(u/327) + (-12)/78?
2
Let m(h) = 4*h**2 - h - 2 - 5*h**2 + 4*h**2. Let c be m(-4). Suppose -c = -j + 16. What is the tens digit of j?
6
Suppose z = y + 151 + 284, -y + 445 = z. What is the units digit of z?
0
Let y = 5 - 5. Let v be (-4 - -2)*-1 - y. Suppose -a - 22 = 2*q - 85, -v*q + 81 = -5*a. What is the units digit of q?
3
What is the tens digit of 522/957 + 6330/11?
7
Let a(u) = -14 + 12*u**2 - 122*u**3 + 236*u**3 - 12*u - 115*u**3. What is the tens digit of a(7)?
4
Let o(x) = -6*x**3 + 4*x**2 + 4*x - 25. Let b(v) = 5*v**3 - 4*v**2 - 4*v + 25. Let l(s) = 5*b(s) + 4*o(s). What is the hundreds digit of l(8)?
2
What is the tens digit of 3/2*63046/87?
8
What is the hundreds digit of (10045/861)/(0 + 1/12)?
1
Suppose -11*h - 5*p = -15*h + 7611, 0 = -3*h - 2*p + 5714. What is the hundreds digit of h?
9
What is the tens digit of (12/15)/(2/(-5)) - -126?
2
Let u(a) = -a**3 - 6*a**2 + a + 8. Let r be u(-6). Suppose 4*h = h - r*t + 60, -t = 2*h - 39. Let n = 20 - h. What is the units digit of n?
2
Let x be 0 + (-2 - -18)/4. Suppose x*d = 4*q - 8*q + 304, -3*d - 388 = -5*q. What is the tens digit of q?
7
Let t(h) = h - 8. Let o be t(13). Suppose o*l - 173 = n, -68 = -2*l - 0*l + n. What is the units digit of l?
5
Let u(c) = 4*c - 1. Let s be u(1). Suppose d - s*d = -82. What is the units digit of d?
1
Suppose 8*d - 3*d - 10 = 0. Suppose 9 = d*h - 3*h. What is the tens digit of (-182)/h + 4/(-18)?
2
What is the tens digit of 67/((-24)/(-6)*(-1)/(-4))?
6
Let a(f) = f**2 - 9*f - 14. What is the units digit of a(-5)?
6
Let g(h) = 3*h**2 + 4*h + 1. Let l be g(3). Let b be l/10 + 2*-1. Suppose 3*u + 4*s = 117, 5*u + b*s - 181 = -0*u. What is the tens digit of u?
3
Suppose -31 + 25 = 3*w. What is the tens digit of w*((-4)/1)/(-4)*-82?
6
Suppose -1638 = -3*u + 9*k - 12*k, 2*u + 5*k - 1077 = 0. What is the tens digit of u?
5
What is the tens digit of 16/80 - 2958/(-10)?
9
Let q(u) = -u**3 + 4*u**2 + 10*u + 2. What is the units digit of q(-8)?
0
Let b = 30 + -25. What is the tens digit of (146/b - 2)*5?
3
Let d = -188 + 191. Suppose -2*g - 14 = -4*g. Suppose g*c - 252 = d*c. What is the tens digit of c?
6
Let c be -1 + (5/7 - (-18)/63). Suppose c*l + 4*l = 416. What is the tens digit of l?
0
Let f(b) = b**3 + 5*b**2 - b. Let o be f(-5). Suppose 3 = -o*v + 13. Suppose -v*j + 5*g + 28 = -3, -j = -2*g - 15. What is the units digit of j?
3
Suppose -286*j + 288*j = 2852. What is the tens digit of j?
2
Let c(v) = v**3 - 12*v**2 - 14*v + 15. Let x be c(13). Suppose 3*a = a + x. Let l = 2 + a. What is the units digit of l?
3
Let x(q) = -9*q**3 - 2*q**2 + 9*q + 14. What is the units digit of x(-5)?
4
Let k be (-4730)/(-15) - (-3)/(-9). Suppose -k - 205 = 5*c. Let p = -60 - c. What is the units digit of p?
4
Suppose 0 = -3*k + 12, -4*k - 3874 = -4*z + 2*z. What is the tens digit of z?
4
Let q = -1380 + 2670. Suppose 3*h - q = -5*u + 2*h, 1032 = 4*u + 4*h. What is the tens digit of u?
5
Suppose 9492 + 27548 = 20*k. What is the tens digit of k?
5
Let l(n) = -n - 1. Let x be l(-5). Let o(p) = 27*p - 30. What is the units digit of o(x)?
8
Let b be (-3 + 4/(-12))*-3. Suppose k - 3 = 2*j + 1, 5*j - b = 0. What is the units digit of k?
8
Let x(u) = u**2 + 2*u - 7. Let m be 52/14 + (-12)/(-42). Let p be x(m). Suppose z - 9 = p. What is the tens digit of z?
2
Suppose 4*y + 2*a - 2685 = y, 0 = -2*y + 4*a + 1806. Suppose -10*c = 107 - y. What is the tens digit of c?
7
Suppose 6*t = -6*t + 5568. What is the hundreds digit of t?
4
Let v(t) = t**3 - 5*t**2 + 3*t + 3. Let q(z) = -z**2 + 7*z + 7. Let y be q(8). Let b(w) = w. Let j(n) = y*v(n) + 4*b(n). What is the tens digit of j(4)?
1
Let m(o) = 22*o**2 + o + 12. What is the hundreds digit of m(3)?
2
Suppose -31 = 2*n + 31. Let f = n - -58. What is the units digit of f?
7
Let l(k) = k**3 + k**2 - k - 124. Let j be l(0). Let n = j + 186. What is the units digit of n?
2
Let z(s) = -s**3 - 6*s**2 - 7*s - 1. Let d(y) = -y**3 + 5*y**2 - 2*y + 5. Let n be d(5). Let w be z(n). What is the tens digit of 4/12 - (-114)/w?
1
Let z be 18/3 - (0 - -1). Suppose z*f = 63 + 167. What is the tens digit of f?
4
Let i(z) = 4*z - 8. Let j be i(3). Suppose 6 + j = 5*d. Let m(r) = r. What is the units digit of m(d)?
2
Suppose -4*q - 19 = -s, -5*q + 5*s - 17 = 3. What is the units digit of q/(4/(-2*10))?
5
Suppose -4289 + 1157 = -4*r. What is the hundreds digit of r?
7
Suppose -9*o + 14820 = -5*o + 2*t, -4*t + 11125 = 3*o. What is the thousands digit of o?
3
Suppose 7*o - 4*o = 3, -2*o = -4*b + 9326. What is the thousands digit of b?
2
Suppose 0*z = -2*z - f + 10, 2*f = -2*z + 14. Let t(i) be the first derivative of i**3/3 - i**2/2 - 4*i + 14. What is the units digit of t(z)?
2
Suppose 8 = 4*x - 4. Suppose -4*o + 406 = x*o. What is the tens digit of o?
5